nd 208?
104
Calculate the highest common divisor of 12070 and 53960.
710
What is the greatest common divisor of 258 and 5118?
6
What is the greatest common factor of 23954 and 266?
14
Calculate the greatest common divisor of 3 and 15091.
1
Calculate the highest common factor of 599697 and 798.
399
What is the highest common divisor of 2071 and 4360?
109
Calculate the highest common divisor of 1177343 and 157.
157
Calculate the greatest common factor of 251 and 411138.
251
What is the highest common factor of 325 and 151350?
25
What is the highest common divisor of 3870 and 246906?
774
Calculate the highest common divisor of 45 and 68205.
15
Calculate the highest common factor of 16269 and 9669.
33
Calculate the greatest common factor of 29279 and 836.
19
Calculate the greatest common divisor of 4840 and 1600.
40
Calculate the highest common factor of 564 and 1572.
12
What is the highest common divisor of 84 and 1974?
42
Calculate the highest common factor of 144 and 20187.
9
What is the greatest common divisor of 486 and 636093?
81
What is the highest common divisor of 268 and 10787?
67
What is the highest common factor of 15733 and 6?
1
Calculate the highest common factor of 1206 and 3924.
18
What is the highest common factor of 7 and 22309?
7
What is the highest common divisor of 6755 and 35?
35
What is the highest common factor of 1742 and 32006?
26
Calculate the greatest common divisor of 6 and 1508898.
6
What is the greatest common divisor of 104 and 63414?
26
Calculate the greatest common factor of 6040 and 2300032.
1208
What is the greatest common factor of 60 and 2946160?
20
What is the greatest common factor of 2175 and 11107?
29
Calculate the highest common divisor of 708 and 563037.
177
Calculate the highest common factor of 44 and 92213.
11
Calculate the highest common factor of 16910 and 190.
190
What is the highest common divisor of 13455 and 260?
65
What is the greatest common divisor of 1137216 and 24?
24
What is the highest common divisor of 1118 and 3926?
26
What is the highest common divisor of 4006453 and 44?
11
Calculate the greatest common factor of 5597 and 464.
29
What is the highest common factor of 6457 and 1518?
11
What is the highest common divisor of 47704 and 2848?
712
Calculate the highest common factor of 9 and 46691.
1
Calculate the greatest common factor of 180 and 5475.
15
Calculate the highest common factor of 143 and 330.
11
What is the highest common factor of 1120 and 5880?
280
Calculate the greatest common factor of 420838 and 176.
22
Calculate the greatest common divisor of 390 and 52520.
130
What is the highest common divisor of 136899 and 189?
63
Calculate the greatest common divisor of 583 and 1049983.
583
What is the highest common divisor of 1221 and 1111517?
407
What is the greatest common divisor of 133 and 34048?
133
Calculate the greatest common factor of 6237 and 201852.
567
Calculate the highest common divisor of 34 and 33094.
2
What is the greatest common factor of 2001 and 2553?
69
What is the greatest common divisor of 3415 and 4355?
5
Calculate the highest common divisor of 336 and 479808.
336
What is the highest common divisor of 49152 and 6400?
256
Calculate the greatest common divisor of 4331110 and 490.
490
Calculate the highest common factor of 10 and 738355.
5
Calculate the greatest common factor of 135143 and 7301.
149
Calculate the greatest common factor of 60 and 2081925.
15
What is the highest common factor of 8208 and 6916?
76
Calculate the highest common factor of 696619 and 154.
77
What is the greatest common divisor of 574 and 74?
2
Calculate the highest common divisor of 167671 and 238.
119
What is the greatest common factor of 12654 and 3382?
38
Calculate the highest common divisor of 1371660 and 100.
20
What is the greatest common divisor of 1092 and 33774?
78
What is the highest common factor of 111 and 341769?
111
What is the highest common divisor of 96 and 442080?
96
What is the highest common factor of 382153 and 802?
401
What is the greatest common divisor of 137424 and 448?
112
Calculate the greatest common divisor of 13 and 151957.
13
What is the greatest common divisor of 873 and 96?
3
Calculate the greatest common divisor of 214798 and 3376.
422
What is the highest common divisor of 4692 and 1380?
276
What is the greatest common divisor of 38805 and 104?
13
What is the greatest common divisor of 112354 and 66?
22
What is the highest common divisor of 440 and 1969?
11
Calculate the highest common factor of 95788 and 2716.
28
Calculate the highest common divisor of 294 and 11613.
147
What is the greatest common divisor of 1045 and 27819?
11
What is the greatest common factor of 328 and 664?
8
Calculate the highest common divisor of 5774 and 8.
2
What is the greatest common divisor of 30 and 33906?
6
What is the greatest common divisor of 1127420 and 980?
140
What is the highest common factor of 5374269 and 86?
43
What is the highest common divisor of 9423 and 63?
9
Calculate the greatest common factor of 108400 and 7046.
542
Calculate the highest common divisor of 1190 and 847042.
238
Calculate the greatest common divisor of 1540 and 9845.
55
Calculate the highest common factor of 2325 and 1545.
15
What is the highest common factor of 26973 and 39?
3
Calculate the highest common divisor of 841 and 232.
29
What is the highest common divisor of 3495 and 60?
15
What is the highest common factor of 99 and 59037?
33
What is the greatest common divisor of 16337 and 148955?
961
What is the greatest common factor of 917 and 2329835?
131
What is the highest common divisor of 1404 and 458289?
117
What is the greatest common divisor of 241 and 13476961?
241
What is the greatest common factor of 3073308 and 112?
28
What is the greatest common divisor of 18240 and 108?
12
What is the greatest common divisor of 35371 and 31031?
217
What is the highest common factor of 8448 and 208?
16
What is the greatest common divisor of 1975 and 22910?
395
What is the highest common factor of 241045 and 175?
35
What is the highest common factor of 631120 and 8?
8
Calculate the highest common factor of 22904 and 1582.
14
What is the greatest common divisor of 20736 and 1280?
256
Calculate the highest common factor of 6096 and 1728.
48
Calculate the highest common factor of 90 and 18594.
18
Calculate the greatest common factor of 13888 and 4672.
64
Calculate the greatest common factor of 86157 and 8.
1
What is the highest common factor of 66780 and 7020?
180
Calculate the highest common divisor of 1147 and 11803.
37
What is the greatest common divisor of 6 and 142806?
6
What is the highest common divisor of 1274908 and 2780?
556
What is the highest common factor of 126 and 882?
126
What is the greatest common factor of 16728 and 6987?
51
Calculate the highest common divisor of 2114 and 53756.
302
What is the greatest common divisor of 103968 and 288?
288
Calculate the highest common divisor of 6885 and 60435.
765
Calculate the highest common factor of 6579 and 55386.
153
What is the highest common divisor of 798 and 1190350?
266
Calculate the highest common divisor of 53145 and 225.
45
What is the greatest common factor of 63 and 5551371?
63
Calculate the highest common factor of 204492 and 24.
12
What is the highest common divisor of 61 and 187209?
61
Calculate the greatest common factor of 39 and 95537.
13
Calculate the highest common divisor of 6804 and 3892.
28
What is the highest common factor of 112 and 34432?
16
What is the greatest common factor of 3069 and 28737?
279
What is the greatest common divisor of 4602 and 266682?
78
Calculate the greatest common factor of 313 and 4679663.
313
What is the highest common factor of 48 and 7338?
6
Calculate the greatest common divisor of 28938 and 212394.
546
Calculate the greatest common divisor of 64314 and 1242.
54
Calculate the highest common divisor of 418 and 1603657.
209
Calculate the highest common factor of 5 and 4547.
1
What is the highest common factor of 150 and 192475?
25
Calculate the greatest common factor of 12985251 and 177.
177
Calculate the highest common divisor of 361185 and 484.
121
What is the greatest common divisor of 44659 and 1853?
17
What is the greatest common divisor of 412141 and 5615?
1123
What is the highest 